{"id":161,"date":"2026-04-08T19:12:54","date_gmt":"2026-04-08T17:12:54","guid":{"rendered":"https:\/\/vivenativo.com\/?page_id=161"},"modified":"2026-04-08T19:18:52","modified_gmt":"2026-04-08T17:18:52","slug":"privacidad","status":"publish","type":"page","link":"https:\/\/vivenativo.com\/index.php\/privacidad\/","title":{"rendered":"Pol\u00edtica de Privacidad"},"content":{"rendered":"\t\t<div data-elementor-type=\"wp-page\" data-elementor-id=\"161\" class=\"elementor elementor-161\">\n\t\t\t\t<div class=\"elementor-element elementor-element-1024c8d e-flex e-con-boxed e-con e-parent\" data-id=\"1024c8d\" data-element_type=\"container\" data-e-type=\"container\">\n\t\t\t\t\t<div class=\"e-con-inner\">\n\t\t\t\t<div class=\"elementor-element elementor-element-c5a361c elementor-widget elementor-widget-heading\" data-id=\"c5a361c\" data-element_type=\"widget\" data-e-type=\"widget\" data-widget_type=\"heading.default\">\n\t\t\t\t\t<h2 class=\"elementor-heading-title elementor-size-default\">Pol\u00edtica de privacidad<\/h2>\t\t\t\t<\/div>\n\t\t\t\t\t<\/div>\n\t\t\t\t<\/div>\n\t\t<div class=\"elementor-element elementor-element-b0bff56 e-flex e-con-boxed e-con e-parent\" data-id=\"b0bff56\" data-element_type=\"container\" data-e-type=\"container\">\n\t\t\t\t\t<div class=\"e-con-inner\">\n\t\t\t\t<div class=\"elementor-element elementor-element-ff2d13d elementor-widget elementor-widget-text-editor\" data-id=\"ff2d13d\" data-element_type=\"widget\" data-e-type=\"widget\" data-widget_type=\"text-editor.default\">\n\t\t\t\t\t\t\t\t\t<p align=\"JUSTIFY\"><span style=\"color: #000000;\"><b>\u00bfCon que finalidad se tratan los datos personales?<\/b><\/span><\/p><p align=\"JUSTIFY\"><span style=\"color: #000000;\">Miguel Moreira trata la informaci\u00f3n que se facilita por medio de esta p\u00e1gina web, para los siguientes fines:<\/span><\/p><ul><li><p align=\"JUSTIFY\"><span style=\"color: #000000;\">Resolver cualesquiera preguntas y comentarios plateados por medio del formulario de contacto.<\/span><\/p><\/li><li><p align=\"JUSTIFY\"><span style=\"color: #000000;\">Mantener la relaci\u00f3n comercial con clientes y usuarios de la p\u00e1gina web.<\/span><\/p><\/li><\/ul><p align=\"JUSTIFY\"><span style=\"color: #000000;\">Miguel Moreira en ning\u00fan caso tratar\u00e1 los datos personales para finalidades diferentes a las anteriormente indicadas.<\/span><\/p><p align=\"JUSTIFY\"><span style=\"color: #000000;\"><b>\u00bfSe enviar\u00e1 informaci\u00f3n comercial?<\/b><\/span><\/p><p align=\"JUSTIFY\"><span style=\"color: #000000;\">En ning\u00fan momento, Miguel Moreira utilizar\u00e1 la informaci\u00f3n facilitada por el usuario y\/o recabada a trav\u00e9s de la p\u00e1gina web, para el env\u00edo de informaciones comerciales. En el caso que se fuese a utilizar para esta finalidad, se contar\u00eda siempre con el previo consentimiento del propio usuario y bajo las directrices del cumplimiento normativo de la normativa actual de protecci\u00f3n de datos.<\/span><\/p><p align=\"JUSTIFY\"><span style=\"color: #000000;\"><b>\u00bfDurante cu\u00e1nto tiempo se conservar\u00e1n los datos personales?<\/b><\/span><\/p><p align=\"JUSTIFY\"><span style=\"color: #000000;\">Los datos personales proporcionados se conservar\u00e1n mientras se mantenga relaci\u00f3n comercial, hasta que solicite la supresi\u00f3n por parte del interesado, o durante los a\u00f1os necesarios para cumplir con las obligaciones legales.<\/span><\/p><p align=\"JUSTIFY\"><span style=\"color: #000000;\">Posteriormente, los datos ser\u00e1n suprimidos conforme a lo dispuesto en la normativa en materia de protecci\u00f3n de datos, lo que implica su bloqueo, estando disponibles tan solo a solicitudes de Jueces y Tribunales, Defensor del Pueblo, Ministerio Fiscal o las Administraciones P\u00fablicas competentes durante el plazo de prescripci\u00f3n de acciones que pudieran derivar y, transcurrido este tiempo, se proceder\u00e1 a su completa eliminaci\u00f3n.<\/span><\/p><p align=\"JUSTIFY\"><span style=\"color: #000000;\"><b>\u00bfC\u00f3mo se han obtenido los datos personales y qu\u00e9 categor\u00edas de datos se tratan?<\/b><\/span><\/p><p align=\"JUSTIFY\"><span style=\"color: #000000;\">Los datos personales que se tratan por parte de Miguel Moreira, proceden del propio interesado, en el momento en el que se introducen en el formulario de contacto.<\/span><\/p><p align=\"JUSTIFY\"><span style=\"color: #000000;\">La categor\u00eda de datos que se tratan en el formulario de contacto son:<\/span><\/p><ul><li><p align=\"JUSTIFY\"><span style=\"color: #000000;\">Datos de car\u00e1cter identificativo: Nombre, apellidos, tel\u00e9fono, email y comentario.<\/span><\/p><\/li><\/ul><p align=\"JUSTIFY\"><span style=\"color: #000000;\">No obstante, al tratarse de un canal de comunicaci\u00f3n, el interesado puede incluir en su mensaje otro tipo de datos personales al aportar su opini\u00f3n y realizar cuestiones o comentarios.<\/span><\/p><p align=\"JUSTIFY\"><span style=\"color: #000000;\"><b>\u00bfCu\u00e1l es la legitimaci\u00f3n para utilizar sus datos?<\/b><\/span><\/p><p align=\"JUSTIFY\"><span style=\"color: #000000;\">Las bases legitimadoras para el tratamiento de datos de car\u00e1cter personal son:<\/span><\/p><ul><li><p align=\"JUSTIFY\"><span style=\"color: #000000;\">Por un lado, el consentimiento expreso otorgado por el interesado en el momento en el que acepta esta pol\u00edtica de privacidad de manera previa al env\u00edo de sus datos personales por medio del formulario de contacto (art. 6.1.a RGPD).<\/span><\/p><\/li><li><p align=\"JUSTIFY\"><span style=\"color: #000000;\">Por otro lado, la ejecuci\u00f3n de la prestaci\u00f3n del servicio solicitado por el interesado, as\u00ed como para la aplicaci\u00f3n de medidas precontractuales (art. 6.1.b RGPD).<\/span><\/p><\/li><\/ul><p align=\"JUSTIFY\"><span style=\"color: #000000;\"><b>\u00bfA qu\u00e9 destinatarios se comunicar\u00e1n los datos?<\/b><\/span><\/p><p align=\"JUSTIFY\"><span style=\"color: #000000;\">Los datos personales no ser\u00e1n cedidos a ning\u00fan tercero, excepto a aquellos terceros para los cuales resulte necesaria su intervenci\u00f3n para la correcta gesti\u00f3n de la prestaci\u00f3n del servicio.<\/span><\/p><p align=\"JUSTIFY\"><span style=\"color: #000000;\">Adem\u00e1s, tus datos tambi\u00e9n podr\u00e1n ser cedidos a organismos y autoridades p\u00fablicas (administrativas o judiciales) en aquellos casos en los que una norma legal as\u00ed lo establezca.<\/span><\/p><p align=\"JUSTIFY\"><span style=\"color: #000000;\">Los datos personales no ser\u00e1n enviados fuera del \u00e1mbito del Espacio Econ\u00f3mico Europeo, por lo que no se producir\u00e1 ninguna transferencia internacional de datos.<\/span><\/p><p align=\"JUSTIFY\"><span style=\"color: #000000;\"><b>\u00bfCu\u00e1les son sus derechos cuando facilita su consentimiento?<\/b><\/span><\/p><p align=\"JUSTIFY\"><a name=\"Bookmark\"><\/a><span style=\"color: #000000;\">Cualquier persona tiene derecho a obtener confirmaci\u00f3n sobre si en Miguel Moreira se est\u00e1n tratando sus datos personales.<\/span><\/p><p align=\"JUSTIFY\"><span style=\"color: #000000;\">Las personas interesadas tienen derecho a:<\/span><\/p><ul><li><p align=\"JUSTIFY\"><span style=\"color: #000000;\">Solicitar el acceso a los datos personales relativos al interesado<\/span><\/p><\/li><li><p align=\"JUSTIFY\"><span style=\"color: #000000;\">Solicitar su rectificaci\u00f3n o supresi\u00f3n<\/span><\/p><\/li><li><p align=\"JUSTIFY\"><span style=\"color: #000000;\">Solicitar la limitaci\u00f3n de su tratamiento<\/span><\/p><\/li><li><p align=\"JUSTIFY\"><span style=\"color: #000000;\">Oponerse al tratamiento<\/span><\/p><\/li><li><p align=\"JUSTIFY\"><span style=\"color: #000000;\">Solicitar la portabilidad de los datos<\/span><\/p><\/li><\/ul><p align=\"JUSTIFY\"><span style=\"color: #000000;\">Los interesados podr\u00e1n acceder a sus datos personales, as\u00ed como a solicitar la rectificaci\u00f3n de los datos inexactos o, en su caso, solicitar su supresi\u00f3n cuando, entre otros motivos, los datos ya no sean necesarios para los fines que fueron recogidos.<\/span><\/p><p align=\"JUSTIFY\"><span style=\"color: #000000;\">En determinadas circunstancias, los interesados podr\u00e1n solicitar la limitaci\u00f3n del tratamiento de sus datos, en cuyo caso \u00fanicamente los conservar\u00e9 para el ejercicio o la defensa de reclamaciones.<\/span><\/p><p align=\"JUSTIFY\"><span style=\"color: #000000;\">En determinadas circunstancias y por motivos relacionados con su situaci\u00f3n particular, los interesados podr\u00e1n oponerse al tratamiento de sus datos. Miguel Moreira dejar\u00e1 de tratar los datos, salvo por motivos leg\u00edtimos imperiosos, o el ejercicio o la defensa de posibles reclamaciones. Tambi\u00e9n podr\u00e1n solicitar la portabilidad de sus datos.<\/span><\/p><p align=\"JUSTIFY\"><span style=\"color: #000000;\"><b>\u00bfC\u00f3mo se pueden ejercer los derechos?<\/b><\/span><\/p><p align=\"JUSTIFY\"><span style=\"color: #000000;\">Para el ejercicio de los derechos mencionados de acceso, rectificaci\u00f3n, supresi\u00f3n, oposici\u00f3n, limitaci\u00f3n del tratamiento y portabilidad de los datos, los afectados deber\u00e1n dirigirse a Miguel Moreira, en la direcci\u00f3n Calle Emilio Ferrari 45.<\/span><\/p><p align=\"JUSTIFY\"><span style=\"color: #000000;\">Tambi\u00e9n podr\u00e1 comunicarse con Miguel Moreira a trav\u00e9s del correo electr\u00f3nico info@vivenativo.com.<\/span><\/p><p align=\"JUSTIFY\"><span style=\"color: #000000;\">La solicitud de ejercicio del derecho debe de ir acompa\u00f1ada de su nombre y apellidos, fotocopia del DNI\/NIF, derecho que desea solicitar, contenido de su petici\u00f3n y un domicilio a efecto de notificaciones.<\/span><\/p><p align=\"JUSTIFY\"><span style=\"color: #000000;\"><b>\u00bfPuede presentar una reclamaci\u00f3n ante la AEPD?<\/b><\/span><\/p><p align=\"JUSTIFY\"><span style=\"color: #000000;\">Los interesados tambi\u00e9n tendr\u00e1n derecho a la tutela judicial efectiva y a presentar una reclamaci\u00f3n ante la autoridad de control, en este caso, la Agencia Espa\u00f1ola de Protecci\u00f3n de Datos, si consideran que el tratamiento de datos personales que le conciernen infringe el Reglamento. Podr\u00e1n reclamar mediante escrito dirigido a la Agencia Espa\u00f1ola de Protecci\u00f3n de Datos, C\/Jorge Juan n\u00ba 6, 28001 Madrid o bien accediendo a su sede electr\u00f3nica: <a href=\"https:\/\/sedeagpd.gob.es\/sede-electronica-web\/\">https:\/\/sedeagpd.gob.es\/sede-electronica-web\/<\/a> <\/span><\/p>\t\t\t\t\t\t\t\t<\/div>\n\t\t\t\t\t<\/div>\n\t\t\t\t<\/div>\n\t\t\t\t<\/div>\n\t\t","protected":false},"excerpt":{"rendered":"<p>Pol\u00edtica de privacidad \u00bfCon que finalidad se tratan los datos personales? Miguel Moreira trata la informaci\u00f3n que se facilita por [&hellip;]<\/p>\n","protected":false},"author":1,"featured_media":0,"parent":0,"menu_order":0,"comment_status":"closed","ping_status":"closed","template":"","meta":{"site-sidebar-layout":"no-sidebar","site-content-layout":"","ast-site-content-layout":"full-width-container","site-content-style":"default","site-sidebar-style":"default","ast-global-header-display":"","ast-banner-title-visibility":"","ast-main-header-display":"","ast-hfb-above-header-display":"","ast-hfb-below-header-display":"","ast-hfb-mobile-header-display":"","site-post-title":"","ast-breadcrumbs-content":"","ast-featured-img":"disabled","footer-sml-layout":"","ast-disable-related-posts":"","theme-transparent-header-meta":"","adv-header-id-meta":"","stick-header-meta":"","header-above-stick-meta":"","header-main-stick-meta":"","header-below-stick-meta":"","astra-migrate-meta-layouts":"default","ast-page-background-enabled":"default","ast-page-background-meta":{"desktop":{"background-color":"var(--ast-global-color-5)","background-image":"","background-repeat":"repeat","background-position":"center center","background-size":"auto","background-attachment":"scroll","background-type":"","background-media":"","overlay-type":"","overlay-color":"","overlay-opacity":"","overlay-gradient":""},"tablet":{"background-color":"","background-image":"","background-repeat":"repeat","background-position":"center center","background-size":"auto","background-attachment":"scroll","background-type":"","background-media":"","overlay-type":"","overlay-color":"","overlay-opacity":"","overlay-gradient":""},"mobile":{"background-color":"","background-image":"","background-repeat":"repeat","background-position":"center center","background-size":"auto","background-attachment":"scroll","background-type":"","background-media":"","overlay-type":"","overlay-color":"","overlay-opacity":"","overlay-gradient":""}},"ast-content-background-meta":{"desktop":{"background-color":"var(--ast-global-color-4)","background-image":"","background-repeat":"repeat","background-position":"center center","background-size":"auto","background-attachment":"scroll","background-type":"","background-media":"","overlay-type":"","overlay-color":"","overlay-opacity":"","overlay-gradient":""},"tablet":{"background-color":"var(--ast-global-color-4)","background-image":"","background-repeat":"repeat","background-position":"center center","background-size":"auto","background-attachment":"scroll","background-type":"","background-media":"","overlay-type":"","overlay-color":"","overlay-opacity":"","overlay-gradient":""},"mobile":{"background-color":"var(--ast-global-color-4)","background-image":"","background-repeat":"repeat","background-position":"center center","background-size":"auto","background-attachment":"scroll","background-type":"","background-media":"","overlay-type":"","overlay-color":"","overlay-opacity":"","overlay-gradient":""}},"footnotes":""},"class_list":["post-161","page","type-page","status-publish","hentry"],"yoast_head":"<!-- This site is optimized with the Yoast SEO plugin v27.4 - https:\/\/yoast.com\/product\/yoast-seo-wordpress\/ -->\n<title>Pol\u00edtica de Privacidad - nativo<\/title>\n<meta name=\"robots\" content=\"noindex, follow, max-snippet:-1, max-image-preview:large, max-video-preview:-1\" \/>\n<meta property=\"og:locale\" content=\"es_ES\" \/>\n<meta property=\"og:type\" content=\"article\" \/>\n<meta property=\"og:title\" content=\"Pol\u00edtica de Privacidad - nativo\" \/>\n<meta property=\"og:description\" content=\"Pol\u00edtica de privacidad \u00bfCon que finalidad se tratan los datos personales? Miguel Moreira trata la informaci\u00f3n que se facilita por [&hellip;]\" \/>\n<meta property=\"og:url\" content=\"https:\/\/vivenativo.com\/index.php\/privacidad\/\" \/>\n<meta property=\"og:site_name\" content=\"nativo\" \/>\n<meta property=\"article:modified_time\" content=\"2026-04-08T17:18:52+00:00\" \/>\n<meta name=\"twitter:card\" content=\"summary_large_image\" \/>\n<meta name=\"twitter:label1\" content=\"Tiempo de lectura\" \/>\n\t<meta name=\"twitter:data1\" content=\"4 minutos\" \/>\n<script type=\"application\/ld+json\" class=\"yoast-schema-graph\">{\"@context\":\"https:\\\/\\\/schema.org\",\"@graph\":[{\"@type\":\"WebPage\",\"@id\":\"https:\\\/\\\/vivenativo.com\\\/index.php\\\/privacidad\\\/\",\"url\":\"https:\\\/\\\/vivenativo.com\\\/index.php\\\/privacidad\\\/\",\"name\":\"Pol\u00edtica de Privacidad - nativo\",\"isPartOf\":{\"@id\":\"https:\\\/\\\/vivenativo.com\\\/#website\"},\"datePublished\":\"2026-04-08T17:12:54+00:00\",\"dateModified\":\"2026-04-08T17:18:52+00:00\",\"breadcrumb\":{\"@id\":\"https:\\\/\\\/vivenativo.com\\\/index.php\\\/privacidad\\\/#breadcrumb\"},\"inLanguage\":\"es\",\"potentialAction\":[{\"@type\":\"ReadAction\",\"target\":[\"https:\\\/\\\/vivenativo.com\\\/index.php\\\/privacidad\\\/\"]}]},{\"@type\":\"BreadcrumbList\",\"@id\":\"https:\\\/\\\/vivenativo.com\\\/index.php\\\/privacidad\\\/#breadcrumb\",\"itemListElement\":[{\"@type\":\"ListItem\",\"position\":1,\"name\":\"Portada\",\"item\":\"https:\\\/\\\/vivenativo.com\\\/\"},{\"@type\":\"ListItem\",\"position\":2,\"name\":\"Pol\u00edtica de Privacidad\"}]},{\"@type\":\"WebSite\",\"@id\":\"https:\\\/\\\/vivenativo.com\\\/#website\",\"url\":\"https:\\\/\\\/vivenativo.com\\\/\",\"name\":\"vivenativo\",\"description\":\"\",\"publisher\":{\"@id\":\"https:\\\/\\\/vivenativo.com\\\/#organization\"},\"potentialAction\":[{\"@type\":\"SearchAction\",\"target\":{\"@type\":\"EntryPoint\",\"urlTemplate\":\"https:\\\/\\\/vivenativo.com\\\/?s={search_term_string}\"},\"query-input\":{\"@type\":\"PropertyValueSpecification\",\"valueRequired\":true,\"valueName\":\"search_term_string\"}}],\"inLanguage\":\"es\"},{\"@type\":\"Organization\",\"@id\":\"https:\\\/\\\/vivenativo.com\\\/#organization\",\"name\":\"nativo\",\"url\":\"https:\\\/\\\/vivenativo.com\\\/\",\"logo\":{\"@type\":\"ImageObject\",\"inLanguage\":\"es\",\"@id\":\"https:\\\/\\\/vivenativo.com\\\/#\\\/schema\\\/logo\\\/image\\\/\",\"url\":\"https:\\\/\\\/vivenativo.com\\\/wp-content\\\/uploads\\\/2026\\\/03\\\/cropped-ICONO-NATIVO.png\",\"contentUrl\":\"https:\\\/\\\/vivenativo.com\\\/wp-content\\\/uploads\\\/2026\\\/03\\\/cropped-ICONO-NATIVO.png\",\"width\":659,\"height\":184,\"caption\":\"nativo\"},\"image\":{\"@id\":\"https:\\\/\\\/vivenativo.com\\\/#\\\/schema\\\/logo\\\/image\\\/\"}}]}<\/script>\n<!-- \/ Yoast SEO plugin. -->","yoast_head_json":{"title":"Pol\u00edtica de Privacidad - nativo","robots":{"index":"noindex","follow":"follow","max-snippet":"max-snippet:-1","max-image-preview":"max-image-preview:large","max-video-preview":"max-video-preview:-1"},"og_locale":"es_ES","og_type":"article","og_title":"Pol\u00edtica de Privacidad - nativo","og_description":"Pol\u00edtica de privacidad \u00bfCon que finalidad se tratan los datos personales? Miguel Moreira trata la informaci\u00f3n que se facilita por [&hellip;]","og_url":"https:\/\/vivenativo.com\/index.php\/privacidad\/","og_site_name":"nativo","article_modified_time":"2026-04-08T17:18:52+00:00","twitter_card":"summary_large_image","twitter_misc":{"Tiempo de lectura":"4 minutos"},"schema":{"@context":"https:\/\/schema.org","@graph":[{"@type":"WebPage","@id":"https:\/\/vivenativo.com\/index.php\/privacidad\/","url":"https:\/\/vivenativo.com\/index.php\/privacidad\/","name":"Pol\u00edtica de Privacidad - nativo","isPartOf":{"@id":"https:\/\/vivenativo.com\/#website"},"datePublished":"2026-04-08T17:12:54+00:00","dateModified":"2026-04-08T17:18:52+00:00","breadcrumb":{"@id":"https:\/\/vivenativo.com\/index.php\/privacidad\/#breadcrumb"},"inLanguage":"es","potentialAction":[{"@type":"ReadAction","target":["https:\/\/vivenativo.com\/index.php\/privacidad\/"]}]},{"@type":"BreadcrumbList","@id":"https:\/\/vivenativo.com\/index.php\/privacidad\/#breadcrumb","itemListElement":[{"@type":"ListItem","position":1,"name":"Portada","item":"https:\/\/vivenativo.com\/"},{"@type":"ListItem","position":2,"name":"Pol\u00edtica de Privacidad"}]},{"@type":"WebSite","@id":"https:\/\/vivenativo.com\/#website","url":"https:\/\/vivenativo.com\/","name":"vivenativo","description":"","publisher":{"@id":"https:\/\/vivenativo.com\/#organization"},"potentialAction":[{"@type":"SearchAction","target":{"@type":"EntryPoint","urlTemplate":"https:\/\/vivenativo.com\/?s={search_term_string}"},"query-input":{"@type":"PropertyValueSpecification","valueRequired":true,"valueName":"search_term_string"}}],"inLanguage":"es"},{"@type":"Organization","@id":"https:\/\/vivenativo.com\/#organization","name":"nativo","url":"https:\/\/vivenativo.com\/","logo":{"@type":"ImageObject","inLanguage":"es","@id":"https:\/\/vivenativo.com\/#\/schema\/logo\/image\/","url":"https:\/\/vivenativo.com\/wp-content\/uploads\/2026\/03\/cropped-ICONO-NATIVO.png","contentUrl":"https:\/\/vivenativo.com\/wp-content\/uploads\/2026\/03\/cropped-ICONO-NATIVO.png","width":659,"height":184,"caption":"nativo"},"image":{"@id":"https:\/\/vivenativo.com\/#\/schema\/logo\/image\/"}}]}},"_links":{"self":[{"href":"https:\/\/vivenativo.com\/index.php\/wp-json\/wp\/v2\/pages\/161","targetHints":{"allow":["GET"]}}],"collection":[{"href":"https:\/\/vivenativo.com\/index.php\/wp-json\/wp\/v2\/pages"}],"about":[{"href":"https:\/\/vivenativo.com\/index.php\/wp-json\/wp\/v2\/types\/page"}],"author":[{"embeddable":true,"href":"https:\/\/vivenativo.com\/index.php\/wp-json\/wp\/v2\/users\/1"}],"replies":[{"embeddable":true,"href":"https:\/\/vivenativo.com\/index.php\/wp-json\/wp\/v2\/comments?post=161"}],"version-history":[{"count":4,"href":"https:\/\/vivenativo.com\/index.php\/wp-json\/wp\/v2\/pages\/161\/revisions"}],"predecessor-version":[{"id":165,"href":"https:\/\/vivenativo.com\/index.php\/wp-json\/wp\/v2\/pages\/161\/revisions\/165"}],"wp:attachment":[{"href":"https:\/\/vivenativo.com\/index.php\/wp-json\/wp\/v2\/media?parent=161"}],"curies":[{"name":"wp","href":"https:\/\/api.w.org\/{rel}","templated":true}]}}